{"id":6,"date":"2026-01-15T14:24:22","date_gmt":"2026-01-15T13:24:22","guid":{"rendered":"https:\/\/wp05.btsndrc-ifce.fr\/?page_id=6"},"modified":"2026-01-15T16:19:28","modified_gmt":"2026-01-15T15:19:28","slug":"accueil","status":"publish","type":"page","link":"https:\/\/wp05.btsndrc-ifce.fr\/?page_id=6","title":{"rendered":"Accueil"},"content":{"rendered":"\n<div class=\"wp-block-columns is-layout-flex wp-container-core-columns-is-layout-28f84493 wp-block-columns-is-layout-flex\">\n<div class=\"wp-block-column is-layout-flow wp-block-column-is-layout-flow\"><\/div>\n<\/div>\n\n\n\n<p><strong>Qui sommes nous ?<\/strong><\/p>\n\n\n\n<div class=\"wp-block-columns is-layout-flex wp-container-core-columns-is-layout-28f84493 wp-block-columns-is-layout-flex\">\n<div class=\"wp-block-column is-layout-flow wp-block-column-is-layout-flow\">\n<p><strong>Professionnels de la d\u00e9sinsectisation et de la d\u00e9ratisation, nous privil\u00e9gions des solutions modernes, efficaces et respectueuses de l\u2019environnement gr\u00e2ce \u00e0 nos partenariats exclusifs avec les leaders europ\u00e9ens du non-chimique.<\/strong><\/p>\n<\/div>\n\n\n\n<div class=\"wp-block-column is-layout-flow wp-block-column-is-layout-flow\"><\/div>\n<\/div>\n\n\n\n<p><\/p>\n","protected":false},"excerpt":{"rendered":"<p>Qui sommes nous ? Professionnels de la d\u00e9sinsectisation et de la d\u00e9ratisation, nous privil\u00e9gions des solutions modernes, efficaces et respectueuses [&hellip;]<\/p>\n","protected":false},"author":1,"featured_media":0,"parent":0,"menu_order":0,"comment_status":"closed","ping_status":"closed","template":"","meta":{"_uag_custom_page_level_css":"","site-sidebar-layout":"default","site-content-layout":"","ast-site-content-layout":"default","site-content-style":"default","site-sidebar-style":"default","ast-global-header-display":"","ast-banner-title-visibility":"","ast-main-header-display":"","ast-hfb-above-header-display":"","ast-hfb-below-header-display":"","ast-hfb-mobile-header-display":"","site-post-title":"","ast-breadcrumbs-content":"","ast-featured-img":"","footer-sml-layout":"","ast-disable-related-posts":"","theme-transparent-header-meta":"","adv-header-id-meta":"","stick-header-meta":"","header-above-stick-meta":"","header-main-stick-meta":"","header-below-stick-meta":"","astra-migrate-meta-layouts":"default","ast-page-background-enabled":"default","ast-page-background-meta":{"desktop":{"background-color":"var(--ast-global-color-5)","background-image":"","background-repeat":"repeat","background-position":"center center","background-size":"auto","background-attachment":"scroll","background-type":"","background-media":"","overlay-type":"","overlay-color":"","overlay-opacity":"","overlay-gradient":""},"tablet":{"background-color":"","background-image":"","background-repeat":"repeat","background-position":"center center","background-size":"auto","background-attachment":"scroll","background-type":"","background-media":"","overlay-type":"","overlay-color":"","overlay-opacity":"","overlay-gradient":""},"mobile":{"background-color":"","background-image":"","background-repeat":"repeat","background-position":"center center","background-size":"auto","background-attachment":"scroll","background-type":"","background-media":"","overlay-type":"","overlay-color":"","overlay-opacity":"","overlay-gradient":""}},"ast-content-background-meta":{"desktop":{"background-color":"var(--ast-global-color-4)","background-image":"","background-repeat":"repeat","background-position":"center center","background-size":"auto","background-attachment":"scroll","background-type":"","background-media":"","overlay-type":"","overlay-color":"","overlay-opacity":"","overlay-gradient":""},"tablet":{"background-color":"var(--ast-global-color-4)","background-image":"","background-repeat":"repeat","background-position":"center center","background-size":"auto","background-attachment":"scroll","background-type":"","background-media":"","overlay-type":"","overlay-color":"","overlay-opacity":"","overlay-gradient":""},"mobile":{"background-color":"var(--ast-global-color-4)","background-image":"","background-repeat":"repeat","background-position":"center center","background-size":"auto","background-attachment":"scroll","background-type":"","background-media":"","overlay-type":"","overlay-color":"","overlay-opacity":"","overlay-gradient":""}},"footnotes":""},"class_list":["post-6","page","type-page","status-publish","hentry"],"yoast_head":"<!-- This site is optimized with the Yoast SEO plugin v27.2 - https:\/\/yoast.com\/product\/yoast-seo-wordpress\/ -->\n<title>Accueil - BTS NDRC - WordPress wp05<\/title>\n<meta name=\"robots\" content=\"index, follow, max-snippet:-1, max-image-preview:large, max-video-preview:-1\" \/>\n<link rel=\"canonical\" href=\"https:\/\/wp05.btsndrc-ifce.fr\/?page_id=6\" \/>\n<meta property=\"og:locale\" content=\"fr_FR\" \/>\n<meta property=\"og:type\" content=\"article\" \/>\n<meta property=\"og:title\" content=\"Accueil - BTS NDRC - WordPress wp05\" \/>\n<meta property=\"og:description\" content=\"Qui sommes nous ? Professionnels de la d\u00e9sinsectisation et de la d\u00e9ratisation, nous privil\u00e9gions des solutions modernes, efficaces et respectueuses [&hellip;]\" \/>\n<meta property=\"og:url\" content=\"https:\/\/wp05.btsndrc-ifce.fr\/?page_id=6\" \/>\n<meta property=\"og:site_name\" content=\"BTS NDRC - WordPress wp05\" \/>\n<meta property=\"article:modified_time\" content=\"2026-01-15T15:19:28+00:00\" \/>\n<meta name=\"twitter:card\" content=\"summary_large_image\" \/>\n<script type=\"application\/ld+json\" class=\"yoast-schema-graph\">{\"@context\":\"https:\/\/schema.org\",\"@graph\":[{\"@type\":\"WebPage\",\"@id\":\"https:\/\/wp05.btsndrc-ifce.fr\/?page_id=6\",\"url\":\"https:\/\/wp05.btsndrc-ifce.fr\/?page_id=6\",\"name\":\"Accueil - BTS NDRC - WordPress wp05\",\"isPartOf\":{\"@id\":\"https:\/\/wp05.btsndrc-ifce.fr\/#website\"},\"datePublished\":\"2026-01-15T13:24:22+00:00\",\"dateModified\":\"2026-01-15T15:19:28+00:00\",\"breadcrumb\":{\"@id\":\"https:\/\/wp05.btsndrc-ifce.fr\/?page_id=6#breadcrumb\"},\"inLanguage\":\"fr-FR\",\"potentialAction\":[{\"@type\":\"ReadAction\",\"target\":[\"https:\/\/wp05.btsndrc-ifce.fr\/?page_id=6\"]}]},{\"@type\":\"BreadcrumbList\",\"@id\":\"https:\/\/wp05.btsndrc-ifce.fr\/?page_id=6#breadcrumb\",\"itemListElement\":[{\"@type\":\"ListItem\",\"position\":1,\"name\":\"Accueil\",\"item\":\"https:\/\/wp05.btsndrc-ifce.fr\/\"},{\"@type\":\"ListItem\",\"position\":2,\"name\":\"Accueil\"}]},{\"@type\":\"WebSite\",\"@id\":\"https:\/\/wp05.btsndrc-ifce.fr\/#website\",\"url\":\"https:\/\/wp05.btsndrc-ifce.fr\/\",\"name\":\"BTS NDRC - WordPress wp05\",\"description\":\"\",\"potentialAction\":[{\"@type\":\"SearchAction\",\"target\":{\"@type\":\"EntryPoint\",\"urlTemplate\":\"https:\/\/wp05.btsndrc-ifce.fr\/?s={search_term_string}\"},\"query-input\":{\"@type\":\"PropertyValueSpecification\",\"valueRequired\":true,\"valueName\":\"search_term_string\"}}],\"inLanguage\":\"fr-FR\"}]}<\/script>\n<!-- \/ Yoast SEO plugin. -->","yoast_head_json":{"title":"Accueil - BTS NDRC - WordPress wp05","robots":{"index":"index","follow":"follow","max-snippet":"max-snippet:-1","max-image-preview":"max-image-preview:large","max-video-preview":"max-video-preview:-1"},"canonical":"https:\/\/wp05.btsndrc-ifce.fr\/?page_id=6","og_locale":"fr_FR","og_type":"article","og_title":"Accueil - BTS NDRC - WordPress wp05","og_description":"Qui sommes nous ? Professionnels de la d\u00e9sinsectisation et de la d\u00e9ratisation, nous privil\u00e9gions des solutions modernes, efficaces et respectueuses [&hellip;]","og_url":"https:\/\/wp05.btsndrc-ifce.fr\/?page_id=6","og_site_name":"BTS NDRC - WordPress wp05","article_modified_time":"2026-01-15T15:19:28+00:00","twitter_card":"summary_large_image","schema":{"@context":"https:\/\/schema.org","@graph":[{"@type":"WebPage","@id":"https:\/\/wp05.btsndrc-ifce.fr\/?page_id=6","url":"https:\/\/wp05.btsndrc-ifce.fr\/?page_id=6","name":"Accueil - BTS NDRC - WordPress wp05","isPartOf":{"@id":"https:\/\/wp05.btsndrc-ifce.fr\/#website"},"datePublished":"2026-01-15T13:24:22+00:00","dateModified":"2026-01-15T15:19:28+00:00","breadcrumb":{"@id":"https:\/\/wp05.btsndrc-ifce.fr\/?page_id=6#breadcrumb"},"inLanguage":"fr-FR","potentialAction":[{"@type":"ReadAction","target":["https:\/\/wp05.btsndrc-ifce.fr\/?page_id=6"]}]},{"@type":"BreadcrumbList","@id":"https:\/\/wp05.btsndrc-ifce.fr\/?page_id=6#breadcrumb","itemListElement":[{"@type":"ListItem","position":1,"name":"Accueil","item":"https:\/\/wp05.btsndrc-ifce.fr\/"},{"@type":"ListItem","position":2,"name":"Accueil"}]},{"@type":"WebSite","@id":"https:\/\/wp05.btsndrc-ifce.fr\/#website","url":"https:\/\/wp05.btsndrc-ifce.fr\/","name":"BTS NDRC - WordPress wp05","description":"","potentialAction":[{"@type":"SearchAction","target":{"@type":"EntryPoint","urlTemplate":"https:\/\/wp05.btsndrc-ifce.fr\/?s={search_term_string}"},"query-input":{"@type":"PropertyValueSpecification","valueRequired":true,"valueName":"search_term_string"}}],"inLanguage":"fr-FR"}]}},"uagb_featured_image_src":{"full":false,"thumbnail":false,"medium":false,"medium_large":false,"large":false,"1536x1536":false,"2048x2048":false},"uagb_author_info":{"display_name":"ndrc_wp05","author_link":"https:\/\/wp05.btsndrc-ifce.fr\/?author=1"},"uagb_comment_info":0,"uagb_excerpt":"Qui sommes nous ? Professionnels de la d\u00e9sinsectisation et de la d\u00e9ratisation, nous privil\u00e9gions des solutions modernes, efficaces et respectueuses [&hellip;]","_links":{"self":[{"href":"https:\/\/wp05.btsndrc-ifce.fr\/index.php?rest_route=\/wp\/v2\/pages\/6","targetHints":{"allow":["GET"]}}],"collection":[{"href":"https:\/\/wp05.btsndrc-ifce.fr\/index.php?rest_route=\/wp\/v2\/pages"}],"about":[{"href":"https:\/\/wp05.btsndrc-ifce.fr\/index.php?rest_route=\/wp\/v2\/types\/page"}],"author":[{"embeddable":true,"href":"https:\/\/wp05.btsndrc-ifce.fr\/index.php?rest_route=\/wp\/v2\/users\/1"}],"replies":[{"embeddable":true,"href":"https:\/\/wp05.btsndrc-ifce.fr\/index.php?rest_route=%2Fwp%2Fv2%2Fcomments&post=6"}],"version-history":[{"count":2,"href":"https:\/\/wp05.btsndrc-ifce.fr\/index.php?rest_route=\/wp\/v2\/pages\/6\/revisions"}],"predecessor-version":[{"id":10,"href":"https:\/\/wp05.btsndrc-ifce.fr\/index.php?rest_route=\/wp\/v2\/pages\/6\/revisions\/10"}],"wp:attachment":[{"href":"https:\/\/wp05.btsndrc-ifce.fr\/index.php?rest_route=%2Fwp%2Fv2%2Fmedia&parent=6"}],"curies":[{"name":"wp","href":"https:\/\/api.w.org\/{rel}","templated":true}]}}