{"id":41,"date":"2026-02-23T15:44:05","date_gmt":"2026-02-23T14:44:05","guid":{"rendered":"https:\/\/wp05.btsndrc-ifce.fr\/?page_id=41"},"modified":"2026-02-23T15:44:05","modified_gmt":"2026-02-23T14:44:05","slug":"examen-blanc-option-a","status":"publish","type":"page","link":"https:\/\/wp05.btsndrc-ifce.fr\/?page_id=41","title":{"rendered":"Examen blanc &#8211; Option A"},"content":{"rendered":"\n<h2 class=\"wp-block-heading has-base-color has-contrast-background-color has-text-color has-background has-link-color wp-elements-1e4b12f80810050f090d0ca34a003fb0\">Ils nous font confiance<\/h2>\n\n\n\n<hr class=\"wp-block-separator has-alpha-channel-opacity\"\/>\n\n\n\n<div class=\"wp-block-columns is-layout-flex wp-container-core-columns-is-layout-28f84493 wp-block-columns-is-layout-flex\">\n<div class=\"wp-block-column is-layout-flow wp-block-column-is-layout-flow\"><div class=\"wp-block-avatar\"><img alt='Avatar de ndrc_wp05' src='https:\/\/secure.gravatar.com\/avatar\/0635b0b08c3cf034c03fbf5625c8bf6c9eccfcc4288dcff07969ae38e728ed72?s=64&#038;d=mm&#038;r=g' srcset='https:\/\/secure.gravatar.com\/avatar\/0635b0b08c3cf034c03fbf5625c8bf6c9eccfcc4288dcff07969ae38e728ed72?s=128&#038;d=mm&#038;r=g 2x' class='avatar avatar-64 photo wp-block-avatar__image' height='64' width='64' \/><\/div><\/div>\n\n\n\n<div class=\"wp-block-column is-layout-flow wp-block-column-is-layout-flow\">\n<p class=\"has-accent-6-background-color has-background\">Bonjour, j&rsquo;ai pass\u00e9 commande semaine derni\u00e8re, la livraison a \u00e9tait super rapide. J&rsquo;ai donc eu le temps de tester le produit, la bougie senteur vanille a une odeur vraiment agr\u00e9able, je vous recommande GreenMood.<\/p>\n<\/div>\n<\/div>\n\n\n\n<hr class=\"wp-block-separator has-alpha-channel-opacity\"\/>\n\n\n\n<h2 class=\"wp-block-heading has-base-color has-contrast-background-color has-text-color has-background has-link-color wp-elements-28e11f9f00dd493dc078af7cc011858f\">Nos engagements<\/h2>\n\n\n\n<div class=\"wp-block-group is-layout-constrained wp-block-group-is-layout-constrained\">\n<details class=\"wp-block-details is-layout-flow wp-block-details-is-layout-flow\"><summary>Fabrication artisanale en France<\/summary>\n<p><\/p>\n<\/details>\n<\/div>\n\n\n\n<div class=\"wp-block-group is-layout-constrained wp-block-group-is-layout-constrained\">\n<details class=\"wp-block-details is-layout-flow wp-block-details-is-layout-flow\"><summary>Cire 100% v\u00e9g\u00e9tale<\/summary>\n<p><\/p>\n<\/details>\n<\/div>\n\n\n\n<div class=\"wp-block-columns is-layout-flex wp-container-core-columns-is-layout-28f84493 wp-block-columns-is-layout-flex\">\n<div class=\"wp-block-column is-layout-flow wp-block-column-is-layout-flow\" style=\"flex-basis:100%\">\n<details class=\"wp-block-details is-layout-flow wp-block-details-is-layout-flow\"><summary>Parfum naturel<\/summary>\n<p><\/p>\n<\/details>\n<\/div>\n<\/div>\n\n\n\n<p><\/p>\n","protected":false},"excerpt":{"rendered":"<p>Ils nous font confiance Bonjour, j&rsquo;ai pass\u00e9 commande semaine derni\u00e8re, la livraison a \u00e9tait super rapide. J&rsquo;ai donc eu le [&hellip;]<\/p>\n","protected":false},"author":1,"featured_media":0,"parent":0,"menu_order":0,"comment_status":"closed","ping_status":"closed","template":"","meta":{"_uag_custom_page_level_css":"","site-sidebar-layout":"default","site-content-layout":"","ast-site-content-layout":"default","site-content-style":"default","site-sidebar-style":"default","ast-global-header-display":"","ast-banner-title-visibility":"","ast-main-header-display":"","ast-hfb-above-header-display":"","ast-hfb-below-header-display":"","ast-hfb-mobile-header-display":"","site-post-title":"","ast-breadcrumbs-content":"","ast-featured-img":"","footer-sml-layout":"","ast-disable-related-posts":"","theme-transparent-header-meta":"","adv-header-id-meta":"","stick-header-meta":"","header-above-stick-meta":"","header-main-stick-meta":"","header-below-stick-meta":"","astra-migrate-meta-layouts":"default","ast-page-background-enabled":"default","ast-page-background-meta":{"desktop":{"background-color":"var(--ast-global-color-5)","background-image":"","background-repeat":"repeat","background-position":"center center","background-size":"auto","background-attachment":"scroll","background-type":"","background-media":"","overlay-type":"","overlay-color":"","overlay-opacity":"","overlay-gradient":""},"tablet":{"background-color":"","background-image":"","background-repeat":"repeat","background-position":"center center","background-size":"auto","background-attachment":"scroll","background-type":"","background-media":"","overlay-type":"","overlay-color":"","overlay-opacity":"","overlay-gradient":""},"mobile":{"background-color":"","background-image":"","background-repeat":"repeat","background-position":"center center","background-size":"auto","background-attachment":"scroll","background-type":"","background-media":"","overlay-type":"","overlay-color":"","overlay-opacity":"","overlay-gradient":""}},"ast-content-background-meta":{"desktop":{"background-color":"var(--ast-global-color-4)","background-image":"","background-repeat":"repeat","background-position":"center center","background-size":"auto","background-attachment":"scroll","background-type":"","background-media":"","overlay-type":"","overlay-color":"","overlay-opacity":"","overlay-gradient":""},"tablet":{"background-color":"var(--ast-global-color-4)","background-image":"","background-repeat":"repeat","background-position":"center center","background-size":"auto","background-attachment":"scroll","background-type":"","background-media":"","overlay-type":"","overlay-color":"","overlay-opacity":"","overlay-gradient":""},"mobile":{"background-color":"var(--ast-global-color-4)","background-image":"","background-repeat":"repeat","background-position":"center center","background-size":"auto","background-attachment":"scroll","background-type":"","background-media":"","overlay-type":"","overlay-color":"","overlay-opacity":"","overlay-gradient":""}},"footnotes":""},"class_list":["post-41","page","type-page","status-publish","hentry"],"yoast_head":"<!-- This site is optimized with the Yoast SEO plugin v27.2 - https:\/\/yoast.com\/product\/yoast-seo-wordpress\/ -->\n<title>Examen blanc - Option A - BTS NDRC - WordPress wp05<\/title>\n<meta name=\"robots\" content=\"index, follow, max-snippet:-1, max-image-preview:large, max-video-preview:-1\" \/>\n<link rel=\"canonical\" href=\"https:\/\/wp05.btsndrc-ifce.fr\/?page_id=41\" \/>\n<meta property=\"og:locale\" content=\"fr_FR\" \/>\n<meta property=\"og:type\" content=\"article\" \/>\n<meta property=\"og:title\" content=\"Examen blanc - Option A - BTS NDRC - WordPress wp05\" \/>\n<meta property=\"og:description\" content=\"Ils nous font confiance Bonjour, j&rsquo;ai pass\u00e9 commande semaine derni\u00e8re, la livraison a \u00e9tait super rapide. J&rsquo;ai donc eu le [&hellip;]\" \/>\n<meta property=\"og:url\" content=\"https:\/\/wp05.btsndrc-ifce.fr\/?page_id=41\" \/>\n<meta property=\"og:site_name\" content=\"BTS NDRC - WordPress wp05\" \/>\n<meta name=\"twitter:card\" content=\"summary_large_image\" \/>\n<script type=\"application\/ld+json\" class=\"yoast-schema-graph\">{\"@context\":\"https:\/\/schema.org\",\"@graph\":[{\"@type\":\"WebPage\",\"@id\":\"https:\/\/wp05.btsndrc-ifce.fr\/?page_id=41\",\"url\":\"https:\/\/wp05.btsndrc-ifce.fr\/?page_id=41\",\"name\":\"Examen blanc - Option A - BTS NDRC - WordPress wp05\",\"isPartOf\":{\"@id\":\"https:\/\/wp05.btsndrc-ifce.fr\/#website\"},\"datePublished\":\"2026-02-23T14:44:05+00:00\",\"breadcrumb\":{\"@id\":\"https:\/\/wp05.btsndrc-ifce.fr\/?page_id=41#breadcrumb\"},\"inLanguage\":\"fr-FR\",\"potentialAction\":[{\"@type\":\"ReadAction\",\"target\":[\"https:\/\/wp05.btsndrc-ifce.fr\/?page_id=41\"]}]},{\"@type\":\"BreadcrumbList\",\"@id\":\"https:\/\/wp05.btsndrc-ifce.fr\/?page_id=41#breadcrumb\",\"itemListElement\":[{\"@type\":\"ListItem\",\"position\":1,\"name\":\"Accueil\",\"item\":\"https:\/\/wp05.btsndrc-ifce.fr\/\"},{\"@type\":\"ListItem\",\"position\":2,\"name\":\"Examen blanc &#8211; Option A\"}]},{\"@type\":\"WebSite\",\"@id\":\"https:\/\/wp05.btsndrc-ifce.fr\/#website\",\"url\":\"https:\/\/wp05.btsndrc-ifce.fr\/\",\"name\":\"BTS NDRC - WordPress wp05\",\"description\":\"\",\"potentialAction\":[{\"@type\":\"SearchAction\",\"target\":{\"@type\":\"EntryPoint\",\"urlTemplate\":\"https:\/\/wp05.btsndrc-ifce.fr\/?s={search_term_string}\"},\"query-input\":{\"@type\":\"PropertyValueSpecification\",\"valueRequired\":true,\"valueName\":\"search_term_string\"}}],\"inLanguage\":\"fr-FR\"}]}<\/script>\n<!-- \/ Yoast SEO plugin. -->","yoast_head_json":{"title":"Examen blanc - Option A - BTS NDRC - WordPress wp05","robots":{"index":"index","follow":"follow","max-snippet":"max-snippet:-1","max-image-preview":"max-image-preview:large","max-video-preview":"max-video-preview:-1"},"canonical":"https:\/\/wp05.btsndrc-ifce.fr\/?page_id=41","og_locale":"fr_FR","og_type":"article","og_title":"Examen blanc - Option A - BTS NDRC - WordPress wp05","og_description":"Ils nous font confiance Bonjour, j&rsquo;ai pass\u00e9 commande semaine derni\u00e8re, la livraison a \u00e9tait super rapide. J&rsquo;ai donc eu le [&hellip;]","og_url":"https:\/\/wp05.btsndrc-ifce.fr\/?page_id=41","og_site_name":"BTS NDRC - WordPress wp05","twitter_card":"summary_large_image","schema":{"@context":"https:\/\/schema.org","@graph":[{"@type":"WebPage","@id":"https:\/\/wp05.btsndrc-ifce.fr\/?page_id=41","url":"https:\/\/wp05.btsndrc-ifce.fr\/?page_id=41","name":"Examen blanc - Option A - BTS NDRC - WordPress wp05","isPartOf":{"@id":"https:\/\/wp05.btsndrc-ifce.fr\/#website"},"datePublished":"2026-02-23T14:44:05+00:00","breadcrumb":{"@id":"https:\/\/wp05.btsndrc-ifce.fr\/?page_id=41#breadcrumb"},"inLanguage":"fr-FR","potentialAction":[{"@type":"ReadAction","target":["https:\/\/wp05.btsndrc-ifce.fr\/?page_id=41"]}]},{"@type":"BreadcrumbList","@id":"https:\/\/wp05.btsndrc-ifce.fr\/?page_id=41#breadcrumb","itemListElement":[{"@type":"ListItem","position":1,"name":"Accueil","item":"https:\/\/wp05.btsndrc-ifce.fr\/"},{"@type":"ListItem","position":2,"name":"Examen blanc &#8211; Option A"}]},{"@type":"WebSite","@id":"https:\/\/wp05.btsndrc-ifce.fr\/#website","url":"https:\/\/wp05.btsndrc-ifce.fr\/","name":"BTS NDRC - WordPress wp05","description":"","potentialAction":[{"@type":"SearchAction","target":{"@type":"EntryPoint","urlTemplate":"https:\/\/wp05.btsndrc-ifce.fr\/?s={search_term_string}"},"query-input":{"@type":"PropertyValueSpecification","valueRequired":true,"valueName":"search_term_string"}}],"inLanguage":"fr-FR"}]}},"uagb_featured_image_src":{"full":false,"thumbnail":false,"medium":false,"medium_large":false,"large":false,"1536x1536":false,"2048x2048":false},"uagb_author_info":{"display_name":"ndrc_wp05","author_link":"https:\/\/wp05.btsndrc-ifce.fr\/?author=1"},"uagb_comment_info":0,"uagb_excerpt":"Ils nous font confiance Bonjour, j&rsquo;ai pass\u00e9 commande semaine derni\u00e8re, la livraison a \u00e9tait super rapide. J&rsquo;ai donc eu le [&hellip;]","_links":{"self":[{"href":"https:\/\/wp05.btsndrc-ifce.fr\/index.php?rest_route=\/wp\/v2\/pages\/41","targetHints":{"allow":["GET"]}}],"collection":[{"href":"https:\/\/wp05.btsndrc-ifce.fr\/index.php?rest_route=\/wp\/v2\/pages"}],"about":[{"href":"https:\/\/wp05.btsndrc-ifce.fr\/index.php?rest_route=\/wp\/v2\/types\/page"}],"author":[{"embeddable":true,"href":"https:\/\/wp05.btsndrc-ifce.fr\/index.php?rest_route=\/wp\/v2\/users\/1"}],"replies":[{"embeddable":true,"href":"https:\/\/wp05.btsndrc-ifce.fr\/index.php?rest_route=%2Fwp%2Fv2%2Fcomments&post=41"}],"version-history":[{"count":1,"href":"https:\/\/wp05.btsndrc-ifce.fr\/index.php?rest_route=\/wp\/v2\/pages\/41\/revisions"}],"predecessor-version":[{"id":42,"href":"https:\/\/wp05.btsndrc-ifce.fr\/index.php?rest_route=\/wp\/v2\/pages\/41\/revisions\/42"}],"wp:attachment":[{"href":"https:\/\/wp05.btsndrc-ifce.fr\/index.php?rest_route=%2Fwp%2Fv2%2Fmedia&parent=41"}],"curies":[{"name":"wp","href":"https:\/\/api.w.org\/{rel}","templated":true}]}}